{"id":2866,"date":"2024-04-24T14:28:48","date_gmt":"2024-04-24T12:28:48","guid":{"rendered":"https:\/\/re6divist.fr\/prod\/?page_id=2866"},"modified":"2024-04-24T14:28:48","modified_gmt":"2024-04-24T12:28:48","slug":"2009-12-18","status":"publish","type":"page","link":"https:\/\/re6divist.fr\/prod\/2009-12-18\/","title":{"rendered":"2009-12-18"},"content":{"rendered":"\n<p><em>Soir\u00e9e Happy birthday Roll&rsquo;s (Le Zenzil\u00e9)<\/em><\/p>\n\n\n\n<p>Vid\u00e9os<\/p>\n\n\n\n<figure class=\"wp-block-embed is-type-video is-provider-youtube wp-block-embed-youtube wp-embed-aspect-4-3 wp-has-aspect-ratio\"><div class=\"wp-block-embed__wrapper\">\n<iframe loading=\"lazy\" title=\"Re6divists 2009\/12\/18 Le Zenzile - Re6divists\" width=\"500\" height=\"375\" src=\"https:\/\/www.youtube.com\/embed\/HHLeq7Wq6oA?feature=oembed\" frameborder=\"0\" allow=\"accelerometer; autoplay; clipboard-write; encrypted-media; gyroscope; picture-in-picture; web-share\" referrerpolicy=\"strict-origin-when-cross-origin\" allowfullscreen><\/iframe>\n<\/div><\/figure>\n\n\n\n<figure class=\"wp-block-embed is-type-video is-provider-youtube wp-block-embed-youtube wp-embed-aspect-4-3 wp-has-aspect-ratio\"><div class=\"wp-block-embed__wrapper\">\n<iframe loading=\"lazy\" title=\"2009-12-18-Zenzile-Rolls.avi\" width=\"500\" height=\"375\" src=\"https:\/\/www.youtube.com\/embed\/amySdTWxbBY?feature=oembed\" frameborder=\"0\" allow=\"accelerometer; autoplay; clipboard-write; encrypted-media; gyroscope; picture-in-picture; web-share\" referrerpolicy=\"strict-origin-when-cross-origin\" allowfullscreen><\/iframe>\n<\/div><\/figure>\n\n\n\n<p>Photos<\/p>\n\n\n\nngg_shortcode_0_placeholder\n","protected":false},"excerpt":{"rendered":"<p>Soir\u00e9e Happy birthday Roll&rsquo;s (Le Zenzil\u00e9) Vid\u00e9os Photos<\/p>\n","protected":false},"author":1,"featured_media":0,"parent":0,"menu_order":0,"comment_status":"closed","ping_status":"closed","template":"","meta":{"ngg_post_thumbnail":0,"footnotes":""},"class_list":["post-2866","page","type-page","status-publish","hentry"],"_links":{"self":[{"href":"https:\/\/re6divist.fr\/prod\/wp-json\/wp\/v2\/pages\/2866","targetHints":{"allow":["GET"]}}],"collection":[{"href":"https:\/\/re6divist.fr\/prod\/wp-json\/wp\/v2\/pages"}],"about":[{"href":"https:\/\/re6divist.fr\/prod\/wp-json\/wp\/v2\/types\/page"}],"author":[{"embeddable":true,"href":"https:\/\/re6divist.fr\/prod\/wp-json\/wp\/v2\/users\/1"}],"replies":[{"embeddable":true,"href":"https:\/\/re6divist.fr\/prod\/wp-json\/wp\/v2\/comments?post=2866"}],"version-history":[{"count":1,"href":"https:\/\/re6divist.fr\/prod\/wp-json\/wp\/v2\/pages\/2866\/revisions"}],"predecessor-version":[{"id":2900,"href":"https:\/\/re6divist.fr\/prod\/wp-json\/wp\/v2\/pages\/2866\/revisions\/2900"}],"wp:attachment":[{"href":"https:\/\/re6divist.fr\/prod\/wp-json\/wp\/v2\/media?parent=2866"}],"curies":[{"name":"wp","href":"https:\/\/api.w.org\/{rel}","templated":true}]}}